 l + 3. Let j be f(2). Suppose 3*z - 36 = j*z. Let m = z - -23. What is the greatest common divisor of 10 and m?
5
Suppose -4*i = -3*c - 275, -4*c - 280 = -2*i - 2*i. What is the highest common factor of i and 13?
13
Let h = -393 - -681. Suppose 96 = k + 3*z, k + 2*k = 3*z + h. Calculate the greatest common factor of k and 12.
12
Suppose 6*c - 10 = 5*v + 10*c, -2*c = -4*v - 34. Let o(r) = -5*r + 6. Let t be o(v). What is the greatest common divisor of 48 and t?
12
Suppose l = 4, u = 6*u + 5*l - 35. Suppose -5*b + 11 = -g, -u*g - 2*b + 32 + 3 = 0. Let s = 65 - 38. What is the greatest common divisor of s and g?
9
Suppose -80 = 11*y - 7*y. Let k be y/35 - (-159)/21. Calculate the greatest common divisor of k and 14.
7
Suppose 0 = 7*c - 4*c + 2*z - 713, 3*z = 3*c - 693. What is the greatest common factor of 141 and c?
47
Let h be ((-6)/(-9))/((-11)/(-297)). What is the greatest common factor of 36 and h?
18
Let n(y) = -y**3 + 18*y**2 - 48*y + 32. Let w be n(14). Calculate the highest common divisor of w and 272.
16
Let y(u) = u**3 + 13*u**2 - 3*u + 33. Let d be y(-13). What is the greatest common divisor of 576 and d?
72
Let h be (-56)/196 - 310/(-7). Calculate the greatest common factor of h and 594.
22
Let g = -88 - -91. Calculate the highest common factor of 57 and g.
3
Suppose 2*x = 171 - 39. Calculate the greatest common factor of x and 726.
66
Let s = 111 + 297. What is the greatest common factor of 17 and s?
17
Let s(p) = -p**3 - 8*p**2 - 12*p - 5. Let j be s(-7). Calculate the greatest common factor of j and 30.
30
Suppose -3*g + 2*p + 28 = 0, -4*g - 16 = -5*g - p. Calculate the greatest common factor of 516 and g.
12
Let u = 28 - -78. What is the greatest common factor of u and 371?
53
Suppose 0 = 6*p - 32 + 8. Let v be 2 + (0/p)/1. Suppose -k + 20 = -v*j, 0 = -5*k - 2*j + 62 + 2. What is the greatest common factor of 112 and k?
14
Suppose 4*s + 4 = 2*a - 8, 3*s + 3 = 0. Suppose 0*r - a*r + 61 = 5*m, 14 = 2*m - r. Calculate the highest common divisor of 36 and m.
9
Let k be ((-27)/(-4))/(4/(-16)). Let g = 51 + k. Calculate the highest common divisor of 6 and g.
6
Let k be 1*(-2)/3*-3. Let y be (k - -28) + (2 - 0). Suppose 20 - y = -2*c. What is the highest common factor of c and 12?
6
Let d be 118/8 - (-1)/4. Suppose 0 = 3*g - 67 - 428. What is the highest common divisor of g and d?
15
Let u(w) = -9*w + 12. Let p(f) = f**2 + f - 1. Let s(n) = p(n) + u(n). Let i be s(8). Suppose 2 = q - i. Calculate the highest common divisor of 13 and q.
13
Suppose -52*f = -4314 - 678. Let h be (4/(-6) - -2)*9. Calculate the greatest common factor of h and f.
12
Suppose 128 + 80 = 8*s. Calculate the greatest common factor of s and 78.
26
Suppose m = -3*o + 24, m - 14 - 3 = -2*o. Suppose 84 = 11*p - o*p. Calculate the greatest common divisor of p and 21.
21
Let j be 4/((4/60)/(9/30)). What is the greatest common factor of 621 and j?
9
Suppose 28*v = 72*v - 3344. Calculate the highest common factor of 1900 and v.
76
Suppose -4*p + 10 = -10. Suppose p*r - 340 = r. Let v be (-2 + (-80)/(-6))*(-51 - -54). Calculate the highest common divisor of v and r.
17
Let g(m) = -2*m**2 + 21*m + 11. Let c be g(7). What is the highest common divisor of c and 1920?
60
Let s(n) = -3*n**2 - n + 200. Let d be s(0). Calculate the greatest common factor of 75 and d.
25
Let s(a) = -a**3 - 9*a**2 - 8*a - 4. Let t be s(-9). Suppose -v + t = -42. Calculate the greatest common factor of 10 and v.
10
Let c = 178 + 46. What is the highest common divisor of c and 32?
32
Let g be 1 + -2 + -1 + 32. Let i be 2/g*-2 + 152/15. Calculate the highest common divisor of 6 and i.
2
Let x(d) = 6 + 17*d**2 - 7 - 16*d**2. Let y be x(-5). What is the highest common divisor of 3 and y?
3
Suppose 10*p + 27 = z + 7*p, z + p = 15. Calculate the greatest common factor of z and 144.
18
Let c(j) = -16*j**3 + j**2 + j + 1. Let a be c(2). Let s = a - -170. Let r = 43 - 36. What is the greatest common factor of s and r?
7
Let u be (-1 - -1)/(0 + 1). Let s be 1 + (u/(-4) - -12). What is the greatest common divisor of 143 and s?
13
Let w(t) = -t + 2. Let m be w(0). Suppose -16*f + 35*f = 0. Suppose f = -12*c + 19 + 5. What is the highest common divisor of m and c?
2
Suppose 0*y + 4*k - 28 = y, 5*k = 10. Let x be (21/14)/((-6)/y). What is the highest common divisor of x and 15?
5
Let z = 40 - 89. Let g = 94 + z. Let k be (-153)/(-18) - 2/(-4). What is the greatest common factor of g and k?
9
Let v(z) = z - 17. Let d be v(7). Let i be -1 + 4 - d/(-5). What is the greatest common divisor of 11 and i?
1
Suppose -6*f - 11*f + 782 = 0. What is the greatest common factor of 46 and f?
46
Let d(a) = 4*a - 24. Let w be d(6). Suppose w = -5*y + 8*y - 336. Calculate the greatest common factor of y and 14.
14
Let x = -1934 - -2102. What is the highest common divisor of 147 and x?
21
Let k(b) = -b**3 + b**2 + 33. Let n be k(0). Suppose a = -a - 3*v + 22, 3*a - n = -3*v. Calculate the highest common divisor of a and 22.
11
Let z(i) = 5*i - 164. Let v be z(68). Calculate the greatest common factor of 220 and v.
44
Suppose 4*t = 2*t + 34. Let p = -367 - -520. What is the greatest common factor of t and p?
17
Let b = 45 + -2. What is the greatest common divisor of 473 and b?
43
Suppose -3*q + 49 = -5*u - 188, 0 = -u - 3. Let b = q + -12. What is the highest common divisor of 93 and b?
31
Let p be 18*(-8 - -36)/7. What is the greatest common divisor of p and 66?
6
Let x = 861 - 826. What is the highest common divisor of x and 147?
7
Let n = -620 - -984. What is the greatest common factor of 28 and n?
28
Let b be (1 - (-1)/2)/((-108)/(-360)). Suppose -b*h + 20 = -5. Calculate the greatest common divisor of 55 and h.
5
Let m(h) = -5 - 9 + h**2 + 16*h + 2. Let q be m(-18). Calculate the highest common factor of q and 132.
12
Suppose -265 = -h + 3*l, -10*l = -14*l - 16. What is the highest common factor of 69 and h?
23
Let d = -1335 - -1465. Calculate the greatest common divisor of d and 10.
10
Suppose -10*r = -9*r - 4. Suppose -4*p + 45 - 209 = -r*k, -k = -5*p - 29. What is the greatest common divisor of k and 110?
22
Let w be (3/(-9))/((-2)/132). Let m = 259 - 237. Calculate the greatest common divisor of m and w.
22
Let c(h) = h**3 - 7*h**2 - 46*h - 3. Let z be c(-4). Let t = -123 - -173. Let q be 86/z - 10/t. Calculate the greatest common factor of q and 51.
17
Suppose -26*z - 38220 = -52*z. What is the highest common divisor of z and 60?
30
Let r = -27 + 100. Let w be (-12)/(-4) - (r + 0). Let a = w - -140. Calculate the greatest common divisor of 10 and a.
10
Suppose 5*i = 3*r - 620, -2*r = 2*i - 353 - 87. What is the greatest common factor of 15 and r?
5
Suppose -4330*t = -4345*t + 210. Let n(g) = g**2 + 3*g - 4. Let j be n(3). What is the highest common divisor of j and t?
14
Let y = -13 - -17. Let h be (-75)/(y + -7) - -4. Suppose -j + r + h = 0, -5*r - 53 - 60 = -4*j. What is the highest common divisor of j and 288?
32
Let t be 6/(-9) + 95/3. Suppose -933 = -3*c + 90. Calculate the greatest common factor of c and t.
31
Suppose -7*c + 2*c + 4290 = 0. Suppose -k = -4*k + c. Suppose -2*w = -4, -5*u - 2*w + k = 82. Calculate the highest common divisor of 5 and u.
5
Suppose -3*d = -7*d - 24. Let j be (-496)/(-12) + (-4)/d. Calculate the highest common factor of j and 462.
42
Let g(q) = -q**2 - 10*q - 8. Let r be g(-4). What is the highest common divisor of r and 1136?
16
Let i(c) = c**2 + 6*c + 7. Let v be i(-5). Suppose 4*w - v*x = -6*x + 12, 0 = 3*w + 5*x + 1. What is the greatest common factor of w and 1?
1
Suppose 0*a - 2*k - 58 = -3*a, a + 3*k - 12 = 0. Let j = -74 - -110. What is the greatest common divisor of a and j?
18
Let x = -1823 + 1881. Calculate the greatest common factor of 1363 and x.
29
Let y = -1 - -4. Suppose -5*t - 13 = -g, -y*g - 2*g + 2*t + 65 = 0. Let x = g + 11. Calculate the highest common divisor of 72 and x.
24
Suppose -8*m = -3*m + 20, 2*w = 2*m + 64. Suppose -a + 4*a = 5*c + 2, 4*c - 8 = 0. Suppose 3*o - 490 = -a*o. What is the highest common factor of w and o?
14
Let j be (-986)/(-30) + (-8)/(-60). Let r be j*(16/12)/4. Suppose -5*s + 2*v + r + 8 = 0, -4*s + 5*v + 5 = 0. Calculate the highest common factor of s and 40.
5
Let c(s) = 12*s - 126. Let r be c(13). Calculate the greatest common facto